common divisor of 10260 and 119358760?
380
Calculate the greatest common divisor of 264 and 1850148.
12
What is the greatest common factor of 1507491 and 473526?
2997
Calculate the greatest common divisor of 29452 and 33596.
148
Calculate the greatest common divisor of 4262648 and 483548.
884
Calculate the greatest common factor of 511364 and 224.
28
Calculate the highest common divisor of 159507 and 164169.
333
Calculate the greatest common factor of 1262132930 and 82.
82
Calculate the highest common factor of 2989111860 and 60.
60
What is the greatest common divisor of 3103771 and 36047?
1243
What is the greatest common factor of 34767986 and 171?
19
What is the highest common factor of 5616 and 2516202?
234
What is the highest common divisor of 20401 and 307718927?
887
What is the highest common divisor of 5166 and 187596?
18
What is the greatest common factor of 43433 and 26533?
169
Calculate the greatest common factor of 12080020 and 8.
4
Calculate the greatest common factor of 9052 and 832319.
31
What is the greatest common divisor of 1370 and 248714595?
685
What is the highest common divisor of 55753 and 514069?
439
What is the highest common divisor of 1680 and 86910?
30
What is the greatest common divisor of 712794327 and 474?
237
Calculate the greatest common factor of 74404018 and 26.
26
Calculate the highest common divisor of 5910 and 66119110.
1970
What is the greatest common divisor of 2 and 281495?
1
Calculate the highest common divisor of 270 and 11042280.
90
What is the highest common factor of 48 and 90216696?
24
Calculate the highest common divisor of 814 and 13214920.
74
What is the highest common divisor of 171031 and 6721841?
3227
Calculate the greatest common factor of 1390 and 18204691.
139
What is the highest common factor of 336324 and 28?
4
Calculate the highest common factor of 10 and 6416288.
2
Calculate the highest common factor of 426705 and 2430.
15
What is the greatest common divisor of 1739604 and 480?
12
Calculate the highest common factor of 917 and 142527.
7
Calculate the greatest common divisor of 312148776 and 120.
24
What is the greatest common factor of 812 and 39340588?
812
What is the greatest common factor of 7204 and 5924?
4
What is the greatest common factor of 9742940 and 50?
10
What is the highest common divisor of 4820754 and 7602?
1086
What is the greatest common factor of 6965097 and 129?
129
What is the highest common factor of 28262 and 5050396?
26
What is the greatest common divisor of 473 and 672419?
11
Calculate the greatest common divisor of 84319650 and 1425.
75
Calculate the highest common divisor of 52701 and 77682.
33
What is the highest common factor of 477 and 12789801?
477
What is the highest common factor of 57516510 and 47310?
2490
Calculate the highest common factor of 1584 and 516208.
176
What is the greatest common factor of 1734 and 37000959?
867
What is the greatest common factor of 15 and 2191945?
5
Calculate the greatest common factor of 63518 and 11648.
182
Calculate the highest common factor of 48669486 and 18.
6
What is the highest common divisor of 69057 and 2412?
9
Calculate the highest common factor of 59122 and 425390.
1442
What is the highest common factor of 6327 and 86697?
171
What is the highest common factor of 6810 and 894495?
15
Calculate the greatest common factor of 261386368 and 4.
4
Calculate the highest common divisor of 828 and 8278620.
276
What is the highest common divisor of 986 and 185929?
17
What is the greatest common factor of 57 and 20502311?
19
Calculate the highest common divisor of 15 and 332751930.
15
What is the greatest common factor of 33 and 47707077?
33
What is the greatest common factor of 187788798 and 18?
18
Calculate the greatest common factor of 4077788 and 2596.
44
What is the highest common factor of 103336416 and 4683?
669
Calculate the highest common factor of 395044 and 1651.
13
What is the highest common divisor of 810 and 7909812?
162
Calculate the highest common divisor of 4800076 and 16.
4
What is the greatest common factor of 13071387 and 273?
21
What is the highest common divisor of 11538363 and 755?
151
Calculate the greatest common divisor of 456 and 814776.
24
What is the greatest common divisor of 1779 and 264301879?
593
What is the highest common factor of 611 and 939953?
47
What is the highest common divisor of 3108 and 264105408?
3108
What is the highest common divisor of 5070 and 2371174?
26
Calculate the highest common factor of 33677446 and 3751.
121
What is the greatest common divisor of 34846 and 45894671?
2489
What is the highest common divisor of 13996656 and 16?
16
Calculate the highest common divisor of 2280 and 51446718.
114
What is the highest common divisor of 1172 and 185762?
586
Calculate the greatest common divisor of 97882710 and 3175.
635
Calculate the highest common divisor of 1458 and 30943134.
1458
Calculate the greatest common divisor of 216 and 42081672.
24
Calculate the highest common factor of 30385822 and 152242.
934
Calculate the greatest common divisor of 188 and 431550052.
188
Calculate the highest common divisor of 12 and 89726828.
4
What is the greatest common divisor of 91063 and 35?
7
What is the highest common divisor of 18020 and 136085?
85
What is the greatest common divisor of 453714632 and 34?
34
Calculate the highest common divisor of 36045361 and 6644.
1661
What is the greatest common factor of 760474 and 234?
26
What is the highest common factor of 966250 and 1950?
50
Calculate the greatest common divisor of 1382071 and 9891.
157
Calculate the highest common factor of 28747 and 45232648.
1513
What is the greatest common divisor of 901 and 243733697?
53
What is the highest common factor of 238630119 and 364?
91
Calculate the greatest common factor of 703277 and 4.
1
Calculate the highest common divisor of 475 and 791685.
5
Calculate the highest common divisor of 525 and 3724333725.
525
What is the greatest common factor of 1385148 and 6420?
12
What is the greatest common factor of 501313417 and 10714?
5357
Calculate the greatest common factor of 611 and 19881987.
47
What is the highest common factor of 180 and 56062080?
180
What is the greatest common factor of 160 and 322040?
40
Calculate the highest common factor of 165536 and 5408.
32
Calculate the highest common factor of 345 and 64109165.
115
Calculate the greatest common divisor of 887969 and 4573.
269
What is the highest common divisor of 17721683 and 436303?
2779
What is the highest common factor of 7682 and 441214?
334
Calculate the greatest common factor of 1520 and 126209248.
304
What is the greatest common factor of 774167 and 314?
157
What is the highest common divisor of 1513710 and 1112?
278
What is the highest common divisor of 704 and 3360192?
704
Calculate the greatest common factor of 94 and 195473.
47
What is the greatest common divisor of 29007 and 369104406?
9669
What is the highest common factor of 318 and 1412238?
318
Calculate the greatest common divisor of 247594 and 69746.
86
Calculate the greatest common divisor of 884 and 10665278.
26
Calculate the highest common factor of 7597 and 4838433.
107
What is the highest common divisor of 633 and 49509?
3
What is the greatest common divisor of 196920 and 3771?
9
Calculate the greatest common factor of 126360 and 19184.
8
What is the greatest common factor of 1143855 and 956075?
1145
Calculate the highest common factor of 350044476 and 445.
89
What is the greatest common factor of 1120 and 11424992?
32
What is the highest common factor of 1104 and 155328?
48
What is the highest common factor of 22863393 and 315?
63
Calculate the greatest common factor of 915 and 31256535.
15
Calculate the highest common divisor of 338120 and 604015.
535
What is the greatest common factor of 15 and 88656690?
15
What is the greatest common divisor of 571364690 and 2678?
2678
Calculate the highest common divisor of 579681657 and 41.
41
Calculate the greatest common factor of 223143649 and 17.
17
Calculate the highest common factor of 55878704 and 923.
71
Calculate the greatest common divisor of 23460 and 182070.
510
Calculate the highest common factor of 116051 and 1129147.
79
What is the highest common divisor of 588 and 6602988?
84
Calculate the greatest common divis